{"id":156,"date":"2020-03-05T16:59:48","date_gmt":"2020-03-05T15:59:48","guid":{"rendered":"http:\/\/www.id-tech.cz\/?page_id=156"},"modified":"2020-03-09T23:04:52","modified_gmt":"2020-03-09T22:04:52","slug":"sprava-informacnich-technologii","status":"publish","type":"page","link":"https:\/\/www.id-tech.cz\/?page_id=156","title":{"rendered":"Spr\u00e1va IT"},"content":{"rendered":"\n<div class=\"wp-block-columns is-layout-flex wp-container-core-columns-is-layout-9d6595d7 wp-block-columns-is-layout-flex\">\n<div class=\"wp-block-column is-layout-flow wp-block-column-is-layout-flow\" style=\"flex-basis:33.33%\">\n<p class=\"has-medium-font-size\"> Jsme rodinn\u00e1 firma s v\u00edce n\u011b\u017e 15-cti lety zku\u0161enost\u00ed. Postar\u00e1me se o  va\u0161i kompletn\u00ed IT strukturu od p\u00e9\u010de o va\u0161e po\u010d\u00edta\u010de a tisk\u00e1rny p\u0159es  budov\u00e1n\u00ed s\u00edt\u011b po opravy ve\u0161ker\u00e9ho hardweru a softweru.  <\/p>\n<\/div>\n\n\n\n<div class=\"wp-block-column is-layout-flow wp-block-column-is-layout-flow\" style=\"flex-basis:66.66%\">\n<figure class=\"wp-block-image size-large\"><img loading=\"lazy\" decoding=\"async\" width=\"1024\" height=\"640\" src=\"http:\/\/www.id-tech.cz\/wp-content\/uploads\/2015\/09\/issues_media_social-network-1024x640.jpg\" alt=\"\" class=\"wp-image-8\" srcset=\"https:\/\/www.id-tech.cz\/wp-content\/uploads\/2015\/09\/issues_media_social-network-1024x640.jpg 1024w, https:\/\/www.id-tech.cz\/wp-content\/uploads\/2015\/09\/issues_media_social-network-300x188.jpg 300w, https:\/\/www.id-tech.cz\/wp-content\/uploads\/2015\/09\/issues_media_social-network.jpg 1440w\" sizes=\"auto, (max-width: 1024px) 100vw, 1024px\" \/><\/figure>\n<\/div>\n<\/div>\n\n\n\n<p class=\"has-text-align-center\"><\/p>\n","protected":false},"excerpt":{"rendered":"<p>Jsme rodinn\u00e1 firma s v\u00edce n\u011b\u017e 15-cti lety zku\u0161enost\u00ed. Postar\u00e1me se o va\u0161i kompletn\u00ed IT strukturu od p\u00e9\u010de o va\u0161e po\u010d\u00edta\u010de a tisk\u00e1rny p\u0159es budov\u00e1n\u00ed s\u00edt\u011b po opravy ve\u0161ker\u00e9ho hardweru [&hellip;]<\/p>\n","protected":false},"author":1,"featured_media":0,"parent":0,"menu_order":0,"comment_status":"closed","ping_status":"closed","template":"page-fullwidth.php","meta":{"_acf_changed":false,"footnotes":""},"tags":[],"class_list":["post-156","page","type-page","status-publish","hentry"],"acf":[],"_links":{"self":[{"href":"https:\/\/www.id-tech.cz\/index.php?rest_route=\/wp\/v2\/pages\/156","targetHints":{"allow":["GET"]}}],"collection":[{"href":"https:\/\/www.id-tech.cz\/index.php?rest_route=\/wp\/v2\/pages"}],"about":[{"href":"https:\/\/www.id-tech.cz\/index.php?rest_route=\/wp\/v2\/types\/page"}],"author":[{"embeddable":true,"href":"https:\/\/www.id-tech.cz\/index.php?rest_route=\/wp\/v2\/users\/1"}],"replies":[{"embeddable":true,"href":"https:\/\/www.id-tech.cz\/index.php?rest_route=%2Fwp%2Fv2%2Fcomments&post=156"}],"version-history":[{"count":6,"href":"https:\/\/www.id-tech.cz\/index.php?rest_route=\/wp\/v2\/pages\/156\/revisions"}],"predecessor-version":[{"id":201,"href":"https:\/\/www.id-tech.cz\/index.php?rest_route=\/wp\/v2\/pages\/156\/revisions\/201"}],"wp:attachment":[{"href":"https:\/\/www.id-tech.cz\/index.php?rest_route=%2Fwp%2Fv2%2Fmedia&parent=156"}],"wp:term":[{"taxonomy":"post_tag","embeddable":true,"href":"https:\/\/www.id-tech.cz\/index.php?rest_route=%2Fwp%2Fv2%2Ftags&post=156"}],"curies":[{"name":"wp","href":"https:\/\/api.w.org\/{rel}","templated":true}]}}